{"id":369,"date":"2024-09-06T16:31:02","date_gmt":"2024-09-06T16:31:02","guid":{"rendered":"https:\/\/soundstheatre.com\/home\/?page_id=369"},"modified":"2024-09-06T16:31:02","modified_gmt":"2024-09-06T16:31:02","slug":"darmstadt","status":"publish","type":"page","link":"https:\/\/soundstheatre.com\/home\/cities\/darmstadt\/","title":{"rendered":"Darmstadt"},"content":{"rendered":"<p><strong>Tonkunst Akademie 22.02. &#8211; 25.02. zeitstr\u00f6me 2024 darmstadt new music days<\/strong><\/p>\n<p>&nbsp;<\/p>\n<p><strong>Vahid E. Hosseini____________Mur (A Sounds Theatre)(2021\/24)<\/strong> f\u00fcr zwei Soprane \/\/\/ Yohnah Park, Sopran &amp; Cecilia Seo, Sopran<\/p>\n<p>&nbsp;<\/p>\n<p><a href=\"https:\/\/akademie-fuer-tonkunst.de\/app\/uploads\/2024\/02\/Zeitstroeme_2024_Programm.pdf\">https:\/\/akademie-fuer-tonkunst.de\/app\/uploads\/2024\/02\/Zeitstroeme_2024_Programm.pdf<\/a><\/p>\n<p>&nbsp;<\/p>\n<p>&nbsp;<\/p>\n<p>7. Mur: Il canto delle tenebre (A SoundsTheatre)<\/p>\n<p>Nel 2023, durante la masterclass sulla teatralit\u00e0 in musica, ho avuto l&#8217;opportunit\u00e0 di scrivere il brano Canto del Buio per flauto e clarinetto. Il brano \u00e8 composto da una sola nota e dall&#8217;oscillazione degli strumenti per allontanarsi dall&#8217;unisono e ritornarvi, creando cos\u00ec effetti di battimento. Nel febbraio 2024 ho avuto la possibilit\u00e0 di rimodellare il brano con due soprani al posto dei fiati.<br \/>\nIl materiale musicale \u00e8 il minimo possibile. L&#8217;intero brano \u00e8 il continuum di una nota che viene variata per piccoli intervalli. Ma la componente principale della composizione \u00e8 l&#8217;oscurit\u00e0 e il movimento.<br \/>\nIn entrambi i casi, gli interpreti si muovono dall&#8217;oscurit\u00e0 verso la fonte di luce al centro del palco. Pi\u00f9 si muovono verso la fonte di luce (nella versione per flauto e clarinetto: una candela) pi\u00f9 ci si rende conto della teatralit\u00e0 della situazione: si tratta di una canzone di lutto. Ci sono due personaggi e c&#8217;\u00e8 un terzo elemento che \u00e8 l&#8217;unica componente dinamica del brano: I battimenti. . Come personaggio assente, invisibile e persino non musicato, il battito che ne risulta suggerisce una funzionalit\u00e0 del vuoto nel SoundsTheatre.<br \/>\nI commenti del pubblico hanno suggerito una qualit\u00e0 &#8220;accattivante&#8221; del pezzo. Presumo che sia la forza pesante dell&#8217;assenza a catturare l&#8217;ascoltatore. Il vuoto ha un silenzio fortissimo.<\/p>\n","protected":false},"excerpt":{"rendered":"<p>Tonkunst Akademie 22.02. &#8211; 25.02. zeitstr\u00f6me 2024 darmstadt new music days &nbsp; Vahid E. Hosseini____________Mur (A Sounds Theatre)(2021\/24) f\u00fcr zwei Soprane \/\/\/ Yohnah Park, Sopran &amp; Cecilia Seo, Sopran &nbsp; https:\/\/akademie-fuer-tonkunst.de\/app\/uploads\/2024\/02\/Zeitstroeme_2024_Programm.pdf &nbsp; &nbsp; 7. Mur: Il canto delle tenebre (A SoundsTheatre) Nel 2023, durante la masterclass sulla teatralit\u00e0 in musica, ho avuto l&#8217;opportunit\u00e0 di scrivere &hellip; <\/p>\n<p class=\"link-more\"><a href=\"https:\/\/soundstheatre.com\/home\/cities\/darmstadt\/\" class=\"more-link\">Read more<span class=\"screen-reader-text\"> &#8220;Darmstadt&#8221;<\/span><\/a><\/p>\n","protected":false},"author":1,"featured_media":0,"parent":200,"menu_order":0,"comment_status":"closed","ping_status":"closed","template":"","meta":{"footnotes":""},"class_list":["post-369","page","type-page","status-publish","hentry"],"_links":{"self":[{"href":"https:\/\/soundstheatre.com\/home\/wp-json\/wp\/v2\/pages\/369","targetHints":{"allow":["GET"]}}],"collection":[{"href":"https:\/\/soundstheatre.com\/home\/wp-json\/wp\/v2\/pages"}],"about":[{"href":"https:\/\/soundstheatre.com\/home\/wp-json\/wp\/v2\/types\/page"}],"author":[{"embeddable":true,"href":"https:\/\/soundstheatre.com\/home\/wp-json\/wp\/v2\/users\/1"}],"replies":[{"embeddable":true,"href":"https:\/\/soundstheatre.com\/home\/wp-json\/wp\/v2\/comments?post=369"}],"version-history":[{"count":2,"href":"https:\/\/soundstheatre.com\/home\/wp-json\/wp\/v2\/pages\/369\/revisions"}],"predecessor-version":[{"id":424,"href":"https:\/\/soundstheatre.com\/home\/wp-json\/wp\/v2\/pages\/369\/revisions\/424"}],"up":[{"embeddable":true,"href":"https:\/\/soundstheatre.com\/home\/wp-json\/wp\/v2\/pages\/200"}],"wp:attachment":[{"href":"https:\/\/soundstheatre.com\/home\/wp-json\/wp\/v2\/media?parent=369"}],"curies":[{"name":"wp","href":"https:\/\/api.w.org\/{rel}","templated":true}]}}